{"id":23,"date":"2015-04-02T09:37:05","date_gmt":"2015-04-02T09:37:05","guid":{"rendered":"http:\/\/ahimsa-yogaschule.de\/?page_id=23"},"modified":"2025-10-20T15:06:22","modified_gmt":"2025-10-20T15:06:22","slug":"impressum","status":"publish","type":"page","link":"https:\/\/ahimsa-yogaschule.de\/?page_id=23","title":{"rendered":"Impressum"},"content":{"rendered":"<div align=\"left\">\n<h4><a href=\"https:\/\/ahimsa-yogaschule.de\/wp-content\/uploads\/2015\/04\/Anni_Behmann_90x120.jpg\"><img loading=\"lazy\" decoding=\"async\" class=\"alignnone size-full wp-image-36\" src=\"https:\/\/ahimsa-yogaschule.de\/wp-content\/uploads\/2015\/04\/Anni_Behmann_90x120.jpg\" alt=\"Anni_Behmann_90x120\" width=\"90\" height=\"120\" \/><\/a><\/h4>\n<h4><em><strong>Name und Anschrift :<br \/>\n<\/strong><\/em>Annegret Behmann<\/h4>\n<h4><em>Weidesheimer Str. 51<\/em><\/h4>\n<h4><em>Euskirchen-Weidesheim<\/em><br \/>\nVerantwortlich i.S.d \u00a718 Abs. 2 MStV<\/h4>\n<p><em><strong>Kommunikation :<\/strong><\/em><br \/>\n<strong>Mobil :<\/strong> \u00a0 0178 5306186<br \/>\n<strong>Email Yogaschule:<\/strong>\u00a0 <a href=\"mailto:yoga@anni-behmann.de\">yoga@anni-behmann.de<\/a><br \/>\n<strong>Email Naturheilpraxis:<\/strong>\u00a0\u00a0 <a href=\"mailto:info@anni-behmann.de\" target=\"_blank\" rel=\"noopener noreferrer\">info@anni-behmann.de<\/a><\/p>\n<p><em><strong>Aufsichtsbeh\u00f6rde :<\/strong><\/em><br \/>\nLandratsamt Euskirchen<br \/>\nGesundheitsamt<br \/>\nJ\u00fclicher Ring 32<br \/>\n53879 Euskirchen<\/p>\n<\/div>\n<div align=\"left\">\n<h4><em><strong>Berufsangaben :<br \/>\n<\/strong><\/em>Gesetzliche Berufsbezeichnung: Heilpraktiker (Deutschland)<br \/>\nBerufsrechtliche Regelungen: MC-Berufsgrunds\u00e4tze Heilpraktiker<br \/>\n<a href=\"http:\/\/www.med-con.de\/html\/hpgs01.html\" target=\"_blank\" rel=\"noopener noreferrer\"><span style=\"text-decoration: underline;\">www.med-con.de\/html\/hpgs01.html<\/span><\/a><\/h4>\n<p><a href=\"https:\/\/ahimsa-yogaschule.de\/wp-content\/uploads\/2015\/04\/IMG_5925.jpg\"><img loading=\"lazy\" decoding=\"async\" class=\"alignnone size-medium wp-image-157\" src=\"https:\/\/ahimsa-yogaschule.de\/wp-content\/uploads\/2015\/04\/IMG_5925-300x225.jpg\" alt=\"\" width=\"300\" height=\"225\" srcset=\"https:\/\/ahimsa-yogaschule.de\/wp-content\/uploads\/2015\/04\/IMG_5925-300x225.jpg 300w, https:\/\/ahimsa-yogaschule.de\/wp-content\/uploads\/2015\/04\/IMG_5925-400x300.jpg 400w, https:\/\/ahimsa-yogaschule.de\/wp-content\/uploads\/2015\/04\/IMG_5925.jpg 640w\" sizes=\"auto, (max-width: 300px) 100vw, 300px\" \/><\/a><\/p>\n<p><em><strong><br \/>\nAdmin-C<\/strong><\/em><br \/>\nUdo Bremter<br \/>\nMonheimer Str. 24<br \/>\n50737 K\u00f6ln<br \/>\nudo@bremter.de<br \/>\n<img loading=\"lazy\" decoding=\"async\" class=\"alignnone size-medium wp-image-229\" src=\"http:\/\/meehrsicht.de\/wp-content\/uploads\/2015\/06\/SmallLogo-300x181.jpg\" alt=\"SmallLogo\" width=\"150\" height=\"95\" \/><\/p>\n<p>Alle Inhalte und Fotos haben keinen kommerziellen Zweck. Es ist nicht gewollt Fotos oder Dateien anderer hier zur Schau zu stellen ohne deren Genehmigung. Weiterhin sind alle verwendeten Markennamen nur zur Orientierung verwendet worden, nicht aber zu Werbezwecken. Ich r\u00e4ume nat\u00fcrlich allen abgebildeten Personen ein ihr Foto umgehend l\u00f6schen zu lassen. Alle Bilder d\u00fcrfen ohne ausdr\u00fcckliche Zustimmung meinerseits in keiner Form weiterverarbeitet werden. Dies beinhaltet nat\u00fcrlich auch die Ver\u00f6ffentlichung auf anderen Internet-Sites.<\/p>\n<hr \/>\n<div id=\"dmaker_preview_disclaimer\">\n<h4><em><strong>Disclaimer<\/strong><\/em><\/h4>\n<p><strong>Haftung f\u00fcr Inhalte<\/strong><\/p>\n<p>Die Inhalte unserer Seiten wurden mit gr\u00f6\u00dfter Sorgfalt erstellt. F\u00fcr die Richtigkeit, Vollst\u00e4ndigkeit und Aktualit\u00e4t der Inhalte k\u00f6nnen wir jedoch keine Gew\u00e4hr \u00fcbernehmen. Als Diensteanbieter sind wir gem\u00e4\u00df \u00a7 7 Abs.1 TMG f\u00fcr eigene Inhalte auf diesen Seiten nach den allgemeinen Gesetzen verantwortlich. Nach \u00a7\u00a7 8 bis 10 TMG sind wir als Diensteanbieter jedoch nicht verpflichtet, \u00fcbermittelte oder gespeicherte fremde Informationen zu \u00fcberwachen oder nach Umst\u00e4nden zu forschen, die auf eine rechtswidrige T\u00e4tigkeit hinweisen. Verpflichtungen zur Entfernung oder Sperrung der Nutzung von Informationen nach den allgemeinen Gesetzen bleiben hiervon unber\u00fchrt. Eine diesbez\u00fcgliche Haftung ist jedoch erst ab dem Zeitpunkt der Kenntnis einer konkreten Rechtsverletzung m\u00f6glich. Bei Bekanntwerden von entsprechenden Rechtsverletzungen werden wir diese Inhalte umgehend entfernen.<\/p>\n<p><strong>Haftung f\u00fcr Links<\/strong><\/p>\n<p>Unser Angebot enth\u00e4lt Links zu externen Webseiten Dritter, auf deren Inhalte wir keinen Einfluss haben. Deshalb k\u00f6nnen wir f\u00fcr diese fremden Inhalte auch keine Gew\u00e4hr \u00fcbernehmen. F\u00fcr die Inhalte der verlinkten Seiten ist stets der jeweilige Anbieter oder Betreiber der Seiten verantwortlich. Die verlinkten Seiten wurden zum Zeitpunkt der Verlinkung auf m\u00f6gliche Rechtsverst\u00f6\u00dfe \u00fcberpr\u00fcft. Rechtswidrige Inhalte waren zum Zeitpunkt der Verlinkung nicht erkennbar. Eine permanente inhaltliche Kontrolle der verlinkten Seiten ist jedoch ohne konkrete Anhaltspunkte einer Rechtsverletzung nicht zumutbar. Bei Bekanntwerden von Rechtsverletzungen werden wir derartige Links umgehend entfernen.<\/p>\n<p><strong>Urheberrecht<\/strong><\/p>\n<p>Die durch die Seitenbetreiber erstellten Inhalte und Werke auf diesen Seiten unterliegen dem deutschen Urheberrecht. Die Vervielf\u00e4ltigung, Bearbeitung, Verbreitung und jede Art der Verwertung au\u00dferhalb der Grenzen des Urheberrechtes bed\u00fcrfen der schriftlichen Zustimmung des jeweiligen Autors bzw. Erstellers. Downloads und Kopien dieser Seite sind nur f\u00fcr den privaten, nicht kommerziellen Gebrauch gestattet. Soweit die Inhalte auf dieser Seite nicht vom Betreiber erstellt wurden, werden die Urheberrechte Dritter beachtet. Insbesondere werden Inhalte Dritter als solche gekennzeichnet. Sollten Sie trotzdem auf eine Urheberrechtsverletzung aufmerksam werden, bitten wir um einen entsprechenden Hinweis. Bei Bekanntwerden von Rechtsverletzungen werden wir derartige Inhalte umgehend entfernen.<\/p>\n<p><strong>Datenschutz<\/strong><\/p>\n<p>Die Nutzung unserer Webseite ist in der Regel ohne Angabe personenbezogener Daten m\u00f6glich. Soweit auf unseren Seiten personenbezogene Daten (beispielsweise Name, Anschrift oder eMail-Adressen) erhoben werden, erfolgt dies, soweit m\u00f6glich, stets auf freiwilliger Basis. Diese Daten werden ohne Ihre ausdr\u00fcckliche Zustimmung nicht an Dritte weitergegeben.<\/p>\n<p>Wir weisen darauf hin, dass die Daten\u00fcbertragung im Internet (z.B. bei der Kommunikation per E-Mail) Sicherheitsl\u00fccken aufweisen kann. Ein l\u00fcckenloser Schutz der Daten vor dem Zugriff durch Dritte ist nicht m\u00f6glich.<\/p>\n<p>Der Nutzung von im Rahmen der Impressumspflicht ver\u00f6ffentlichten Kontaktdaten durch Dritte zur \u00dcbersendung von nicht ausdr\u00fccklich angeforderter Werbung und Informationsmaterialien wird hiermit ausdr\u00fccklich widersprochen. Die Betreiber der Seiten behalten sich ausdr\u00fccklich rechtliche Schritte im Falle der unverlangten Zusendung von Werbeinformationen, etwa durch Spam-Mails, vor.<\/p>\n<p><em>Quellverweis: <\/em><a href=\"http:\/\/www.e-recht24.de\/muster-disclaimer.htm\" target=\"_blank\" rel=\"noopener noreferrer\"><span style=\"color: #0066cc;\">eRecht24 Disclaimer<\/span><\/a><\/p>\n<\/div>\n<p>Alle Seiten Copyright 2021 by Udo Bremter (K\u00f6ln)<\/p>\n<\/div>\n","protected":false},"excerpt":{"rendered":"<p>Name und Anschrift : Annegret Behmann Weidesheimer Str. 51 Euskirchen-Weidesheim Verantwortlich i.S.d \u00a718 Abs. 2 MStV Kommunikation : Mobil : \u00a0 0178 5306186 Email Yogaschule:\u00a0 yoga@anni-behmann.de Email Naturheilpraxis:\u00a0\u00a0 info@anni-behmann.de Aufsichtsbeh\u00f6rde : Landratsamt Euskirchen Gesundheitsamt J\u00fclicher Ring 32 53879 Euskirchen Berufsangaben &hellip; <a href=\"https:\/\/ahimsa-yogaschule.de\/?page_id=23\">Weiterlesen <span class=\"meta-nav\">&rarr;<\/span><\/a><\/p>\n","protected":false},"author":1,"featured_media":0,"parent":0,"menu_order":0,"comment_status":"closed","ping_status":"closed","template":"","meta":{"footnotes":""},"class_list":["post-23","page","type-page","status-publish","hentry"],"_links":{"self":[{"href":"https:\/\/ahimsa-yogaschule.de\/index.php?rest_route=\/wp\/v2\/pages\/23","targetHints":{"allow":["GET"]}}],"collection":[{"href":"https:\/\/ahimsa-yogaschule.de\/index.php?rest_route=\/wp\/v2\/pages"}],"about":[{"href":"https:\/\/ahimsa-yogaschule.de\/index.php?rest_route=\/wp\/v2\/types\/page"}],"author":[{"embeddable":true,"href":"https:\/\/ahimsa-yogaschule.de\/index.php?rest_route=\/wp\/v2\/users\/1"}],"replies":[{"embeddable":true,"href":"https:\/\/ahimsa-yogaschule.de\/index.php?rest_route=%2Fwp%2Fv2%2Fcomments&post=23"}],"version-history":[{"count":45,"href":"https:\/\/ahimsa-yogaschule.de\/index.php?rest_route=\/wp\/v2\/pages\/23\/revisions"}],"predecessor-version":[{"id":927,"href":"https:\/\/ahimsa-yogaschule.de\/index.php?rest_route=\/wp\/v2\/pages\/23\/revisions\/927"}],"wp:attachment":[{"href":"https:\/\/ahimsa-yogaschule.de\/index.php?rest_route=%2Fwp%2Fv2%2Fmedia&parent=23"}],"curies":[{"name":"wp","href":"https:\/\/api.w.org\/{rel}","templated":true}]}}