{"id":299,"date":"2019-12-03T14:48:01","date_gmt":"2019-12-03T14:48:01","guid":{"rendered":"http:\/\/ahimsa-yogaschule.de\/?page_id=299"},"modified":"2025-12-05T15:44:23","modified_gmt":"2025-12-05T15:44:23","slug":"hatta-yoga-fuer-jeden-euskirchen-montag-kurs","status":"publish","type":"page","link":"https:\/\/ahimsa-yogaschule.de\/?page_id=299","title":{"rendered":"Hatha-Yoga f\u00fcr Jeden &#8211; Euskirchen &#8211; Montag Kurs"},"content":{"rendered":"\n<p>Hatha-Yoga spricht den gesamten K\u00f6rper an, wobei ein besonderer Fokus auf R\u00fccken, Nacken und Schultern liegt. Dies sind Bereiche, in denen sich oft Konflikte und psychische Spannungen manifestieren.<\/p>\n\n\n\n<p>Nach einer kurzen Atembeobachtung werden Yogahaltungen (Asanas) erlernt, die der K\u00f6rperwahrnehmung dienen und Spannungszust\u00e4nde reduzieren. Die Zwischenentspannungen helfen, die \u00dcbungen zu verinnerlichen, und lehren wieder ein gesundes und harmonisches Ma\u00df an Anspannung und Entspannung. Die Endentspannung verst\u00e4rkt dies, so dass gezielt Stress abgebaut werden kann und K\u00f6rper und Geist dauerhaft entlastet werden.<\/p>\n\n\n\n<p><strong>Montag, 18:00-19:00 Uhr:<\/strong> Online ! <a href=\"https:\/\/ahimsa-yogaschule.de\/?page_id=321\" target=\"_blank\" rel=\"noreferrer noopener\">Weitere Informationen hier !<\/a><\/p>\n\n\n\n<p><strong>Montag, 19:15-20:45 Uhr<\/strong> -Yoga f\u00fcr den R\u00fccken<\/p>\n\n\n\n<p><strong>X. 01.09., 08.09., 15.09., 22.09., 29.09., 06.10. (= 6 Termine)<br>XIV. 25.10., 03.11., 10.11., 17.11., 24.11., 01.12., 08.12., 15.12. (= 8 Termine<\/strong>)<\/p>\n\n\n\n<p><strong>2026<\/strong><\/p>\n\n\n\n<p><strong>I.: 12.01., 19.01., 26.01., 02.02., 09.02., (16.02.=Rosenmontag), 23.02., 02.03., 09.03., 16.03.,<\/strong> <strong>23.03. (= 10 Termine)<\/strong><br><strong><em>Osterferien: 30.03.-11.04.2026<\/em><\/strong><br><strong>V.: 13.04., 20.04., 27.04., 04.05., 11.05., 18.05., (25.05.= Pfingsten), 01.06., 08.06., 15.06., 22.06., 29.06., 06.07., 13.07. (= 13 Termine)<\/strong><\/p>\n\n\n\n<p><a href=\"mailto:yoga@anni-behmann.de\" data-type=\"mailto\" data-id=\"mailto:yoga@anni-behmann.de\">HIER<\/a> k\u00f6nnt ihr euch per eMail schon einmal anmelden !<\/p>\n\n\n\n<p><strong>Dauer :<\/strong>\u00a0\u00a0 90 Minuten (Onlinekurs 60 Minuten)<br><strong>Preis ab 01.01.2026 :\u00a0<\/strong> 13,50 \u20ac je Termin als Kursbuchung, 49 \u20ac als Abo, Doppelabo 86 \u20ac<br> 45 \u20ac Einzelstunde (auf Anfrage)<br><strong>Teilnehmerzahl :\u00a0<\/strong> Auf Anfrage !<br><strong>Tag und Uhrzeit :\u00a0 <\/strong>siehe oben<br><strong>Ort :<\/strong> \u00a0 In den R\u00e4umen der Ahimsa Yogaschule<em><br> Weidesheimer Str. 51, Euskirchen-Weidesheim<br><\/em><strong>Anmeldung :<\/strong>\u00a0\u00a0 Anni Behmann (Yogalehrerin YVL)<br><strong>Mobil:\u00a0<\/strong>\u00a0 0178 5306186<br><strong>Email :<\/strong>\u00a0\u00a0 <a href=\"mailto:yoga@anni-behmann.de\">yoga@anni-behmann.de<br><\/a><strong>Homepage :<\/strong>\u00a0\u00a0 <a href=\"http:\/\/www.anni-behmann.de\/\" target=\"_blank\" rel=\"noreferrer noopener\">Anni-Behmann.de<\/a><\/p>\n","protected":false},"excerpt":{"rendered":"<p>Hatha-Yoga spricht den gesamten K\u00f6rper an, wobei ein besonderer Fokus auf R\u00fccken, Nacken und Schultern liegt. Dies sind Bereiche, in denen sich oft Konflikte und psychische Spannungen manifestieren. Nach einer kurzen Atembeobachtung werden Yogahaltungen (Asanas) erlernt, die der K\u00f6rperwahrnehmung dienen &hellip; <a href=\"https:\/\/ahimsa-yogaschule.de\/?page_id=299\">Weiterlesen <span class=\"meta-nav\">&rarr;<\/span><\/a><\/p>\n","protected":false},"author":1,"featured_media":0,"parent":14,"menu_order":0,"comment_status":"closed","ping_status":"closed","template":"","meta":{"footnotes":""},"class_list":["post-299","page","type-page","status-publish","hentry"],"_links":{"self":[{"href":"https:\/\/ahimsa-yogaschule.de\/index.php?rest_route=\/wp\/v2\/pages\/299","targetHints":{"allow":["GET"]}}],"collection":[{"href":"https:\/\/ahimsa-yogaschule.de\/index.php?rest_route=\/wp\/v2\/pages"}],"about":[{"href":"https:\/\/ahimsa-yogaschule.de\/index.php?rest_route=\/wp\/v2\/types\/page"}],"author":[{"embeddable":true,"href":"https:\/\/ahimsa-yogaschule.de\/index.php?rest_route=\/wp\/v2\/users\/1"}],"replies":[{"embeddable":true,"href":"https:\/\/ahimsa-yogaschule.de\/index.php?rest_route=%2Fwp%2Fv2%2Fcomments&post=299"}],"version-history":[{"count":39,"href":"https:\/\/ahimsa-yogaschule.de\/index.php?rest_route=\/wp\/v2\/pages\/299\/revisions"}],"predecessor-version":[{"id":968,"href":"https:\/\/ahimsa-yogaschule.de\/index.php?rest_route=\/wp\/v2\/pages\/299\/revisions\/968"}],"up":[{"embeddable":true,"href":"https:\/\/ahimsa-yogaschule.de\/index.php?rest_route=\/wp\/v2\/pages\/14"}],"wp:attachment":[{"href":"https:\/\/ahimsa-yogaschule.de\/index.php?rest_route=%2Fwp%2Fv2%2Fmedia&parent=299"}],"curies":[{"name":"wp","href":"https:\/\/api.w.org\/{rel}","templated":true}]}}

Hatha-Yoga für Jeden &#8211; Euskirchen &#8211; Montag Kurs

<p>Hatha-Yoga spricht den gesamten Körper an, wobei ein besonderer Fokus auf Rücken, Nacken und Schultern liegt. Dies sind Bereiche, in denen sich oft Konflikte und psychische Spannungen manifestieren.</p>



<p>Nach einer kurzen Atembeobachtung werden Yogahaltungen (Asanas) erlernt, die der Körperwahrnehmung dienen und Spannungszustände reduzieren. Die Zwischenentspannungen helfen, die Übungen zu verinnerlichen, und lehren wieder ein gesundes und harmonisches Maß an Anspannung und Entspannung. Die Endentspannung verstärkt dies, so dass gezielt Stress abgebaut werden kann und Körper und Geist dauerhaft entlastet werden.</p>



<p><strong>Montag, 18:00-19:00 Uhr:</strong> Online ! <a href="https://ahimsa-yogaschule.de/?page_id=321" target="_blank" rel="noreferrer noopener">Weitere Informationen hier !</a></p>



<p><strong>Montag, 19:15-20:45 Uhr</strong> -Yoga für den Rücken</p>



<p><strong>X. 01.09., 08.09., 15.09., 22.09., 29.09., 06.10. (= 6 Termine)<br>XIV. 25.10., 03.11., 10.11., 17.11., 24.11., 01.12., 08.12., 15.12. (= 8 Termine</strong>)</p>



<p><strong>2026</strong></p>



<p><strong>I.: 12.01., 19.01., 26.01., 02.02., 09.02., (16.02.=Rosenmontag), 23.02., 02.03., 09.03., 16.03.,</strong> <strong>23.03. (= 10 Termine)</strong><br><strong><em>Osterferien: 30.03.-11.04.2026</em></strong><br><strong>V.: 13.04., 20.04., 27.04., 04.05., 11.05., 18.05., (25.05.= Pfingsten), 01.06., 08.06., 15.06., 22.06., 29.06., 06.07., 13.07. (= 13 Termine)</strong></p>



<p><a href="mailto:yoga@anni-behmann.de" data-type="mailto" data-id="mailto:yoga@anni-behmann.de">HIER</a> könnt ihr euch per eMail schon einmal anmelden !</p>



<p><strong>Dauer :</strong>   90 Minuten (Onlinekurs 60 Minuten)<br><strong>Preis ab 01.01.2026 : </strong> 13,50 € je Termin als Kursbuchung, 49 € als Abo, Doppelabo 86 €<br> 45 € Einzelstunde (auf Anfrage)<br><strong>Teilnehmerzahl : </strong> Auf Anfrage !<br><strong>Tag und Uhrzeit :  </strong>siehe oben<br><strong>Ort :</strong>   In den Räumen der Ahimsa Yogaschule<em><br> Weidesheimer Str. 51, Euskirchen-Weidesheim<br></em><strong>Anmeldung :</strong>   Anni Behmann (Yogalehrerin YVL)<br><strong>Mobil: </strong>  0178 5306186<br><strong>Email :</strong>   <a href="mailto:yoga@anni-behmann.de">yoga@anni-behmann.de<br></a><strong>Homepage :</strong>   <a href="http://www.anni-behmann.de/" target="_blank" rel="noreferrer noopener">Anni-Behmann.de</a></p>

<p>Hatha-Yoga spricht den gesamten Körper an, wobei ein besonderer Fokus auf Rücken, Nacken und Schultern liegt. Dies sind Bereiche, in denen sich oft Konflikte und psychische Spannungen manifestieren. Nach einer kurzen Atembeobachtung werden Yogahaltungen (Asanas) erlernt, die der Körperwahrnehmung dienen &hellip; <a href="https://ahimsa-yogaschule.de/?page_id=299">Weiterlesen <span class="meta-nav">&rarr;</span></a></p>
