{"id":402,"date":"2021-02-20T13:34:25","date_gmt":"2021-02-20T13:34:25","guid":{"rendered":"http:\/\/ahimsa-yogaschule.de\/?page_id=402"},"modified":"2021-11-08T11:20:49","modified_gmt":"2021-11-08T11:20:49","slug":"yoga-krebs","status":"publish","type":"page","link":"https:\/\/ahimsa-yogaschule.de\/?page_id=402","title":{"rendered":"Yoga &#038; Krebs"},"content":{"rendered":"\n<p><strong>Yoga &amp; Entspannung in Euskirchen<\/strong><\/p>\n\n\n\n<p>Alles, was wir f\u00fcr uns tun, tun wir auch f\u00fcr andere, und alles, was wir f\u00fcr andere tun, tun wir auch f\u00fcr uns selbst. (Thich Nhat Hanh)<\/p>\n\n\n\n<figure class=\"wp-block-image size-large is-resized is-style-rounded\"><a href=\"https:\/\/ahimsa-yogaschule.de\/wp-content\/uploads\/2021\/02\/Anni.jpg\"><img loading=\"lazy\" decoding=\"async\" src=\"https:\/\/ahimsa-yogaschule.de\/wp-content\/uploads\/2021\/02\/Anni.jpg\" alt=\"\" class=\"wp-image-404\" width=\"337\" height=\"421\"\/><\/a><\/figure>\n\n\n\n<h2 class=\"wp-block-heading\"><strong>\u00dcber mich<\/strong><\/h2>\n\n\n\n<p>Ich bin 2001 selber \u00fcber R\u00fcckenprobleme mit Yoga in Kontakt gekommen, eine typische Geschichte.<br>Als ich 2010 mit meiner Yogalehrer-Ausbildung begonnen habe, wusste ich noch nicht, wieviel Spa\u00df mir das Unterrichten machen wird.<br>Mit dem Unterrichten habe ich bereits w\u00e4hrend der Ausbildung, weil die Patienten meiner Naturheilpraxis ungeduldiger waren als ich. Seitdem unterrichte ich kontinuierlich mindestens 2 Kurse pro Woche, meist aber mehr.<\/p>\n\n\n\n<p>In diesem Rahmen begegnen mit immer wieder Menschen mit k\u00f6rperlichen Einschr\u00e4nkungen oder Menschen, die besonderer Zuwendung bed\u00fcrfen.<\/p>\n\n\n\n<p>Krebserkrankungen werden immer mehr in unserer Gesellschaft. Teilnehmer, die an Krebs erkrankt sind, \u00f6ffnen sich meist erst sehr z\u00f6gerlich. Ich wollte ihnen mit fundierten Kenntnissen entgegentreten, um auch sie gut unterst\u00fctzen zu k\u00f6nnen.<br>Daher habe ich nach einer entsprechenden Ausbildung gesucht und die Yoga-und -Krebs Expertin Gaby Kammler in K\u00f6ln gefunden. Seit November 2020 bin ich zertifizierte Yoga-und-Krebs-Trainerin.<br>Mehr Informationen dazu finden Sie unter<br><a href=\"https:\/\/www.yoga-und-krebs.de\/\" data-type=\"URL\" target=\"_blank\" rel=\"noreferrer noopener\">https:\/\/www.yoga -und-krebs.de\/<\/a>.<\/p>\n\n\n\n<p>Ich unterrichte u.a. In Physiopraxen und anderen Yogaschulen, vor allem aber in meiner eigenen Yogaschule, die in einen kleinen gesch\u00fctzten Raum bietet, um zu entspannen.<\/p>\n\n\n\n<p>Weitere Informationen gibt es unter &#8222;<a rel=\"noreferrer noopener\" href=\"https:\/\/www.staerkergegenkrebs.de\/yoga-und-entspannung\/euskirchen\/yogastudios-ahimsa-yogaschule-euskirchen-a3z4w9\" target=\"_blank\">Yoga bei Krebs: Kurse bei Ahimsa Yogaschule | Euskirchen (staerkergegenkrebs.de)<\/a>&#8222;<br>F\u00fcr Fragen zu Yoga und Krebs kontaktieren Sie mich gerne unter<br><a rel=\"noreferrer noopener\" href=\"mailto:yoga@anni-behmann.de\" data-type=\"mailto\" data-id=\"mailto:yoga@anni-behmann.de\" target=\"_blank\">yoga@anni-behmann.de<\/a><br><\/p>\n\n\n\n<p><strong>Freitag, 14:00 &#8211; 15:00 Uhr, nur mit Termin !<\/strong><\/p>\n\n\n\n<figure class=\"wp-block-image size-large is-style-default\"><img loading=\"lazy\" decoding=\"async\" width=\"450\" height=\"938\" src=\"https:\/\/ahimsa-yogaschule.de\/wp-content\/uploads\/2021\/02\/YogaUndKrebsFlyer1-1.jpg\" alt=\"\" class=\"wp-image-408\" srcset=\"https:\/\/ahimsa-yogaschule.de\/wp-content\/uploads\/2021\/02\/YogaUndKrebsFlyer1-1.jpg 450w, https:\/\/ahimsa-yogaschule.de\/wp-content\/uploads\/2021\/02\/YogaUndKrebsFlyer1-1-144x300.jpg 144w\" sizes=\"auto, (max-width: 450px) 100vw, 450px\" \/><\/figure>\n\n\n\n<figure class=\"wp-block-image size-large\"><a href=\"https:\/\/www.yoga -und-krebs.de\/\" target=\"_blank\" rel=\"noopener\"><img loading=\"lazy\" decoding=\"async\" width=\"450\" height=\"936\" src=\"https:\/\/ahimsa-yogaschule.de\/wp-content\/uploads\/2021\/02\/YogaUndKrebsFlyer2.jpg\" alt=\"\" class=\"wp-image-406\" srcset=\"https:\/\/ahimsa-yogaschule.de\/wp-content\/uploads\/2021\/02\/YogaUndKrebsFlyer2.jpg 450w, https:\/\/ahimsa-yogaschule.de\/wp-content\/uploads\/2021\/02\/YogaUndKrebsFlyer2-144x300.jpg 144w\" sizes=\"auto, (max-width: 450px) 100vw, 450px\" \/><\/a><\/figure>\n","protected":false},"excerpt":{"rendered":"<p>Yoga &amp; Entspannung in Euskirchen Alles, was wir f\u00fcr uns tun, tun wir auch f\u00fcr andere, und alles, was wir f\u00fcr andere tun, tun wir auch f\u00fcr uns selbst. (Thich Nhat Hanh) \u00dcber mich Ich bin 2001 selber \u00fcber R\u00fcckenprobleme &hellip; <a href=\"https:\/\/ahimsa-yogaschule.de\/?page_id=402\">Weiterlesen <span class=\"meta-nav\">&rarr;<\/span><\/a><\/p>\n","protected":false},"author":1,"featured_media":0,"parent":0,"menu_order":0,"comment_status":"closed","ping_status":"closed","template":"","meta":{"footnotes":""},"class_list":["post-402","page","type-page","status-publish","hentry"],"_links":{"self":[{"href":"https:\/\/ahimsa-yogaschule.de\/index.php?rest_route=\/wp\/v2\/pages\/402","targetHints":{"allow":["GET"]}}],"collection":[{"href":"https:\/\/ahimsa-yogaschule.de\/index.php?rest_route=\/wp\/v2\/pages"}],"about":[{"href":"https:\/\/ahimsa-yogaschule.de\/index.php?rest_route=\/wp\/v2\/types\/page"}],"author":[{"embeddable":true,"href":"https:\/\/ahimsa-yogaschule.de\/index.php?rest_route=\/wp\/v2\/users\/1"}],"replies":[{"embeddable":true,"href":"https:\/\/ahimsa-yogaschule.de\/index.php?rest_route=%2Fwp%2Fv2%2Fcomments&post=402"}],"version-history":[{"count":9,"href":"https:\/\/ahimsa-yogaschule.de\/index.php?rest_route=\/wp\/v2\/pages\/402\/revisions"}],"predecessor-version":[{"id":477,"href":"https:\/\/ahimsa-yogaschule.de\/index.php?rest_route=\/wp\/v2\/pages\/402\/revisions\/477"}],"wp:attachment":[{"href":"https:\/\/ahimsa-yogaschule.de\/index.php?rest_route=%2Fwp%2Fv2%2Fmedia&parent=402"}],"curies":[{"name":"wp","href":"https:\/\/api.w.org\/{rel}","templated":true}]}}

<p><strong>Yoga &amp; Entspannung in Euskirchen</strong></p>



<p>Alles, was wir für uns tun, tun wir auch für andere, und alles, was wir für andere tun, tun wir auch für uns selbst. (Thich Nhat Hanh)</p>



<figure class="wp-block-image size-large is-resized is-style-rounded"><a href="https://ahimsa-yogaschule.de/wp-content/uploads/2021/02/Anni.jpg"><img loading="lazy" decoding="async" src="https://ahimsa-yogaschule.de/wp-content/uploads/2021/02/Anni.jpg" alt="" class="wp-image-404" width="337" height="421"/></a></figure>



<h2 class="wp-block-heading"><strong>Über mich</strong></h2>



<p>Ich bin 2001 selber über Rückenprobleme mit Yoga in Kontakt gekommen, eine typische Geschichte.<br>Als ich 2010 mit meiner Yogalehrer-Ausbildung begonnen habe, wusste ich noch nicht, wieviel Spaß mir das Unterrichten machen wird.<br>Mit dem Unterrichten habe ich bereits während der Ausbildung, weil die Patienten meiner Naturheilpraxis ungeduldiger waren als ich. Seitdem unterrichte ich kontinuierlich mindestens 2 Kurse pro Woche, meist aber mehr.</p>



<p>In diesem Rahmen begegnen mit immer wieder Menschen mit körperlichen Einschränkungen oder Menschen, die besonderer Zuwendung bedürfen.</p>



<p>Krebserkrankungen werden immer mehr in unserer Gesellschaft. Teilnehmer, die an Krebs erkrankt sind, öffnen sich meist erst sehr zögerlich. Ich wollte ihnen mit fundierten Kenntnissen entgegentreten, um auch sie gut unterstützen zu können.<br>Daher habe ich nach einer entsprechenden Ausbildung gesucht und die Yoga-und -Krebs Expertin Gaby Kammler in Köln gefunden. Seit November 2020 bin ich zertifizierte Yoga-und-Krebs-Trainerin.<br>Mehr Informationen dazu finden Sie unter<br><a href="https://www.yoga-und-krebs.de/" data-type="URL" target="_blank" rel="noreferrer noopener">https://www.yoga -und-krebs.de/</a>.</p>



<p>Ich unterrichte u.a. In Physiopraxen und anderen Yogaschulen, vor allem aber in meiner eigenen Yogaschule, die in einen kleinen geschützten Raum bietet, um zu entspannen.</p>



<p>Weitere Informationen gibt es unter &#8222;<a rel="noreferrer noopener" href="https://www.staerkergegenkrebs.de/yoga-und-entspannung/euskirchen/yogastudios-ahimsa-yogaschule-euskirchen-a3z4w9" target="_blank">Yoga bei Krebs: Kurse bei Ahimsa Yogaschule | Euskirchen (staerkergegenkrebs.de)</a>&#8222;<br>Für Fragen zu Yoga und Krebs kontaktieren Sie mich gerne unter<br><a rel="noreferrer noopener" href="mailto:yoga@anni-behmann.de" data-type="mailto" data-id="mailto:yoga@anni-behmann.de" target="_blank">yoga@anni-behmann.de</a><br></p>



<p><strong>Freitag, 14:00 &#8211; 15:00 Uhr, nur mit Termin !</strong></p>



<figure class="wp-block-image size-large is-style-default"><img loading="lazy" decoding="async" width="450" height="938" src="https://ahimsa-yogaschule.de/wp-content/uploads/2021/02/YogaUndKrebsFlyer1-1.jpg" alt="" class="wp-image-408" srcset="https://ahimsa-yogaschule.de/wp-content/uploads/2021/02/YogaUndKrebsFlyer1-1.jpg 450w, https://ahimsa-yogaschule.de/wp-content/uploads/2021/02/YogaUndKrebsFlyer1-1-144x300.jpg 144w" sizes="auto, (max-width: 450px) 100vw, 450px" /></figure>



<figure class="wp-block-image size-large"><a href="https://www.yoga -und-krebs.de/" target="_blank" rel="noopener"><img loading="lazy" decoding="async" width="450" height="936" src="https://ahimsa-yogaschule.de/wp-content/uploads/2021/02/YogaUndKrebsFlyer2.jpg" alt="" class="wp-image-406" srcset="https://ahimsa-yogaschule.de/wp-content/uploads/2021/02/YogaUndKrebsFlyer2.jpg 450w, https://ahimsa-yogaschule.de/wp-content/uploads/2021/02/YogaUndKrebsFlyer2-144x300.jpg 144w" sizes="auto, (max-width: 450px) 100vw, 450px" /></a></figure>

<p>Yoga &amp; Entspannung in Euskirchen Alles, was wir für uns tun, tun wir auch für andere, und alles, was wir für andere tun, tun wir auch für uns selbst. (Thich Nhat Hanh) Über mich Ich bin 2001 selber über Rückenprobleme &hellip; <a href="https://ahimsa-yogaschule.de/?page_id=402">Weiterlesen <span class="meta-nav">&rarr;</span></a></p>
