{"id":42,"date":"2015-04-02T11:59:56","date_gmt":"2015-04-02T11:59:56","guid":{"rendered":"http:\/\/ahimsa-yogaschule.de\/?page_id=42"},"modified":"2026-01-21T13:49:11","modified_gmt":"2026-01-21T13:49:11","slug":"aerial-yoga","status":"publish","type":"page","link":"https:\/\/ahimsa-yogaschule.de\/?page_id=42","title":{"rendered":"Aerial Yoga"},"content":{"rendered":"\n<figure class=\"wp-block-image size-full\"><a href=\"https:\/\/ahimsa-yogaschule.de\/wp-content\/uploads\/2026\/01\/Arial-WS-Allgemein.jpg\"><img loading=\"lazy\" decoding=\"async\" width=\"885\" height=\"925\" src=\"https:\/\/ahimsa-yogaschule.de\/wp-content\/uploads\/2026\/01\/Arial-WS-Allgemein.jpg\" alt=\"\" class=\"wp-image-985\" srcset=\"https:\/\/ahimsa-yogaschule.de\/wp-content\/uploads\/2026\/01\/Arial-WS-Allgemein.jpg 885w, https:\/\/ahimsa-yogaschule.de\/wp-content\/uploads\/2026\/01\/Arial-WS-Allgemein-287x300.jpg 287w, https:\/\/ahimsa-yogaschule.de\/wp-content\/uploads\/2026\/01\/Arial-WS-Allgemein-768x803.jpg 768w\" sizes=\"auto, (max-width: 885px) 100vw, 885px\" \/><\/a><\/figure>\n\n\n\n<p><strong><em><mark style=\"background-color:rgba(0, 0, 0, 0);color:#f9a114\" class=\"has-inline-color\">Zur Zeit leider kein Angebot !<\/mark><\/em><\/strong><\/p>\n\n\n\n<p><em><strong>Ort: <\/strong>Ahimsa-Yogaschule, Niels-Bohr-Str. 16a, Euskirchen-Kirchheim<br><\/em><strong>Preis:<\/strong> 45 \u20ac<br><strong>Anmeldung :<\/strong>&nbsp;&nbsp; Anni Behmann (Yogalehrerin YVL)<br><strong>Mobil:&nbsp;<\/strong>&nbsp; 0178 5306186<br><strong>Email :<\/strong>&nbsp;&nbsp; <a href=\"mailto:yoga@anni-behmann.de\">yoga@anni-behmann.de<br><\/a><strong>Homepage :<\/strong>&nbsp;&nbsp; <a href=\"http:\/\/www.anni-behmann.de\" target=\"_blank\" rel=\"noreferrer noopener\">Anni-Behmann.de<\/a><\/p>\n\n\n\n<figure class=\"wp-block-image\"><a href=\"https:\/\/ahimsa-yogaschule.de\/wp-content\/uploads\/2015\/04\/WorkshopArialYogaMai14_029.jpg\"><img loading=\"lazy\" decoding=\"async\" width=\"300\" height=\"225\" src=\"https:\/\/ahimsa-yogaschule.de\/wp-content\/uploads\/2015\/04\/WorkshopArialYogaMai14_029-300x225.jpg\" alt=\"Workshop Mai 2014\" class=\"wp-image-38\" srcset=\"https:\/\/ahimsa-yogaschule.de\/wp-content\/uploads\/2015\/04\/WorkshopArialYogaMai14_029-300x225.jpg 300w, https:\/\/ahimsa-yogaschule.de\/wp-content\/uploads\/2015\/04\/WorkshopArialYogaMai14_029-1024x768.jpg 1024w, https:\/\/ahimsa-yogaschule.de\/wp-content\/uploads\/2015\/04\/WorkshopArialYogaMai14_029-400x300.jpg 400w\" sizes=\"auto, (max-width: 300px) 100vw, 300px\" \/><\/a><\/figure>\n\n\n\n<p>Workshop Mai 2014<\/p>\n\n\n\n<p>In unregelm\u00e4\u00dfigen Abst\u00e4nden finden Aerial Yoga Workshops statt. Bei Interesse erfragen Sie Zeiten und Ort bitte per Email oder Telefon.<\/p>\n\n\n\n<p>Vielen Dank.<\/p>\n\n\n\n<figure class=\"wp-block-image\"><a href=\"https:\/\/ahimsa-yogaschule.de\/wp-content\/uploads\/2015\/04\/IMG_00021.jpg\"><img loading=\"lazy\" decoding=\"async\" width=\"171\" height=\"300\" src=\"https:\/\/ahimsa-yogaschule.de\/wp-content\/uploads\/2015\/04\/IMG_00021-171x300.jpg\" alt=\"IMG_0002\" class=\"wp-image-40\" srcset=\"https:\/\/ahimsa-yogaschule.de\/wp-content\/uploads\/2015\/04\/IMG_00021-171x300.jpg 171w, https:\/\/ahimsa-yogaschule.de\/wp-content\/uploads\/2015\/04\/IMG_00021-582x1024.jpg 582w, https:\/\/ahimsa-yogaschule.de\/wp-content\/uploads\/2015\/04\/IMG_00021.jpg 1536w\" sizes=\"auto, (max-width: 171px) 100vw, 171px\" \/><\/a><\/figure>\n","protected":false},"excerpt":{"rendered":"<p>Zur Zeit leider kein Angebot ! Ort: Ahimsa-Yogaschule, Niels-Bohr-Str. 16a, Euskirchen-KirchheimPreis: 45 \u20acAnmeldung :&nbsp;&nbsp; Anni Behmann (Yogalehrerin YVL)Mobil:&nbsp;&nbsp; 0178 5306186Email :&nbsp;&nbsp; yoga@anni-behmann.deHomepage :&nbsp;&nbsp; Anni-Behmann.de Workshop Mai 2014 In unregelm\u00e4\u00dfigen Abst\u00e4nden finden Aerial Yoga Workshops statt. Bei Interesse erfragen Sie Zeiten &hellip; <a href=\"https:\/\/ahimsa-yogaschule.de\/?page_id=42\">Weiterlesen <span class=\"meta-nav\">&rarr;<\/span><\/a><\/p>\n","protected":false},"author":1,"featured_media":0,"parent":2,"menu_order":0,"comment_status":"closed","ping_status":"closed","template":"","meta":{"footnotes":""},"class_list":["post-42","page","type-page","status-publish","hentry"],"_links":{"self":[{"href":"https:\/\/ahimsa-yogaschule.de\/index.php?rest_route=\/wp\/v2\/pages\/42","targetHints":{"allow":["GET"]}}],"collection":[{"href":"https:\/\/ahimsa-yogaschule.de\/index.php?rest_route=\/wp\/v2\/pages"}],"about":[{"href":"https:\/\/ahimsa-yogaschule.de\/index.php?rest_route=\/wp\/v2\/types\/page"}],"author":[{"embeddable":true,"href":"https:\/\/ahimsa-yogaschule.de\/index.php?rest_route=\/wp\/v2\/users\/1"}],"replies":[{"embeddable":true,"href":"https:\/\/ahimsa-yogaschule.de\/index.php?rest_route=%2Fwp%2Fv2%2Fcomments&post=42"}],"version-history":[{"count":31,"href":"https:\/\/ahimsa-yogaschule.de\/index.php?rest_route=\/wp\/v2\/pages\/42\/revisions"}],"predecessor-version":[{"id":988,"href":"https:\/\/ahimsa-yogaschule.de\/index.php?rest_route=\/wp\/v2\/pages\/42\/revisions\/988"}],"up":[{"embeddable":true,"href":"https:\/\/ahimsa-yogaschule.de\/index.php?rest_route=\/wp\/v2\/pages\/2"}],"wp:attachment":[{"href":"https:\/\/ahimsa-yogaschule.de\/index.php?rest_route=%2Fwp%2Fv2%2Fmedia&parent=42"}],"curies":[{"name":"wp","href":"https:\/\/api.w.org\/{rel}","templated":true}]}}